{"id":259,"date":"2015-05-14T14:45:05","date_gmt":"2015-05-14T14:45:05","guid":{"rendered":"https:\/\/lacerti.pl\/blog\/?page_id=259"},"modified":"2015-05-14T14:53:31","modified_gmt":"2015-05-14T14:53:31","slug":"polityka-prywatnosci-portalu-poufnosc-i-bezpieczenstwo-danych","status":"publish","type":"page","link":"https:\/\/lacerti.pl\/index.php\/polityka-prywatnosci-portalu-poufnosc-i-bezpieczenstwo-danych\/","title":{"rendered":"\u00a7 Polityka prywatno\u015bci portalu. Poufno\u015b\u0107 i bezpiecze\u0144stwo danych"},"content":{"rendered":"<h6>\u00a7 Zgoda na przetwarzanie informacji<\/h6>\n<p>Wype\u0142niaj\u0105c formularz zam\u00f3wienia, newslettera lub kontaktowy wyra\u017casz zgod\u0119 na przetwarzanie swoich danych osobowych zgodnie z ustaw\u0105 z dnia 29 sierpnia 1997 r. o ochronie danych osobowych (Dz.U. nr 133, poz. 883) oraz wyra\u017casz zgod\u0119 na przekazywanie Ci informacji handlowych \u015brodkami komunikacji elektronicznej przez Lacerti.<\/p>\n<h6>\u00a7 Rodzaje przetwarzanych informacji<\/h6>\n<p>Lacerti ma dost\u0119p tylko do tych informacji, kt\u00f3re podajesz podczas sk\u0142adania zam\u00f3wienia lub w procesie komunikacji.<\/p>\n<h6>\u00a7 Kto ma dost\u0119p do informacji<\/h6>\n<p>Twoje dane nie b\u0119d\u0105 przekazywane \u017cadnym zewn\u0119trznym podmiotom.<\/p>\n<h6>\u00a7 Bezpiecze\u0144stwo<\/h6>\n<p>Lacerti przechowuje i przetwarza dane tylko w celach bie\u017c\u0105cej obs\u0142ugi z\u0142o\u017conego zam\u00f3wienia lub w procesie korespondencji.<\/p>\n<h6>\u00a7 Kontakt z Lacerti<\/h6>\n<p>Masz prawo wgl\u0105du w swoje dane i mo\u017cliwo\u015b\u0107 ich poprawiania, jak i usuni\u0119cia. W tym celu nale\u017cy\u00a0skontaktowa\u0107 si\u0119 z Lacerti \u00bb<\/p>\n","protected":false},"excerpt":{"rendered":"<p>\u00a7 Zgoda na przetwarzanie informacji Wype\u0142niaj\u0105c formularz zam\u00f3wienia, newslettera lub kontaktowy wyra\u017casz zgod\u0119 na przetwarzanie swoich danych osobowych zgodnie z ustaw\u0105 z dnia 29 sierpnia 1997 r. o ochronie danych osobowych (Dz.U. nr 133, poz. 883) oraz wyra\u017casz zgod\u0119 na<\/p>\n","protected":false},"author":1,"featured_media":0,"parent":0,"menu_order":0,"comment_status":"closed","ping_status":"closed","template":"","meta":{"footnotes":""},"class_list":["post-259","page","type-page","status-publish","hentry","gallery-content-unit"],"_links":{"self":[{"href":"https:\/\/lacerti.pl\/index.php\/wp-json\/wp\/v2\/pages\/259","targetHints":{"allow":["GET"]}}],"collection":[{"href":"https:\/\/lacerti.pl\/index.php\/wp-json\/wp\/v2\/pages"}],"about":[{"href":"https:\/\/lacerti.pl\/index.php\/wp-json\/wp\/v2\/types\/page"}],"author":[{"embeddable":true,"href":"https:\/\/lacerti.pl\/index.php\/wp-json\/wp\/v2\/users\/1"}],"replies":[{"embeddable":true,"href":"https:\/\/lacerti.pl\/index.php\/wp-json\/wp\/v2\/comments?post=259"}],"version-history":[{"count":1,"href":"https:\/\/lacerti.pl\/index.php\/wp-json\/wp\/v2\/pages\/259\/revisions"}],"predecessor-version":[{"id":261,"href":"https:\/\/lacerti.pl\/index.php\/wp-json\/wp\/v2\/pages\/259\/revisions\/261"}],"wp:attachment":[{"href":"https:\/\/lacerti.pl\/index.php\/wp-json\/wp\/v2\/media?parent=259"}],"curies":[{"name":"wp","href":"https:\/\/api.w.org\/{rel}","templated":true}]}}